What is the hundreds digit of 707?
7
What is the thousands digit of 23496?
3
What is the hundreds digit of 2608?
6
What is the units digit of 5403?
3
What is the hundreds digit of 218?
2
What is the units digit of 1828?
8
What is the ten thousands digit of 18321?
1
What is the hundreds digit of 295?
2
What is the ten thousands digit of 98522?
9
What is the tens digit of 14?
1
What is the tens digit of 391?
9
What is the thousands digit of 3792?
3
What is the thousands digit of 82979?
2
What is the hundreds digit of 111?
1
What is the tens digit of 63315?
1
What is the tens digit of 955?
5
What is the tens digit of 5833?
3
What is the hundreds digit of 1817?
8
What is the tens digit of 746?
4
What is the hundreds digit of 1191?
1
What is the tens digit of 5625?
2
What is the tens digit of 4921?
2
What is the hundreds digit of 9535?
5
What is the units digit of 30484?
4
What is the hundreds digit of 92840?
8
What is the thousands digit of 111496?
1
What is the hundreds digit of 38413?
4
What is the units digit of 46853?
3
What is the thousands digit of 1001?
1
What is the thousands digit of 2121?
2
What is the units digit of 89593?
3
What is the units digit of 1187?
7
What is the tens digit of 34999?
9
What is the tens digit of 30490?
9
What is the units digit of 5784?
4
What is the units digit of 5731?
1
What is the thousands digit of 11934?
1
What is the units digit of 490?
0
What is the tens digit of 6363?
6
What is the hundreds digit of 183?
1
What is the tens digit of 4078?
7
What is the tens digit of 58424?
2
What is the thousands digit of 3048?
3
What is the hundreds digit of 7230?
2
What is the thousands digit of 9484?
9
What is the units digit of 410?
0
What is the ten thousands digit of 22519?
2
What is the tens digit of 69040?
4
What is the units digit of 9302?
2
What is the thousands digit of 1529?
1
What is the tens digit of 21930?
3
What is the hundreds digit of 4779?
7
What is the hundreds digit of 3445?
4
What is the tens digit of 3091?
9
What is the hundreds digit of 11039?
0
What is the tens digit of 2608?
0
What is the tens digit of 431?
3
What is the units digit of 68798?
8
What is the tens digit of 72179?
7
What is the hundreds digit of 4428?
4
What is the units digit of 71194?
4
What is the units digit of 5391?
1
What is the tens digit of 7153?
5
What is the thousands digit of 63083?
3
What is the tens digit of 215?
1
What is the units digit of 19098?
8
What is the hundreds digit of 8266?
2
What is the hundreds digit of 639?
6
What is the tens digit of 3981?
8
What is the tens digit of 2566?
6
What is the tens digit of 819?
1
What is the tens digit of 6218?
1
What is the ten thousands digit of 55047?
5
What is the units digit of 6454?
4
What is the tens digit of 515?
1
What is the thousands digit of 3199?
3
What is the tens digit of 9854?
5
What is the tens digit of 18348?
4
What is the units digit of 4607?
7
What is the units digit of 2942?
2
What is the thousands digit of 9988?
9
What is the thousands digit of 1850?
1
What is the thousands digit of 38995?
8
What is the tens digit of 2568?
6
What is the hundreds digit of 19055?
0
What is the thousands digit of 28129?
8
What is the tens digit of 23965?
6
What is the units digit of 146103?
3
What is the hundreds digit of 2879?
8
What is the thousands digit of 30160?
0
What is the thousands digit of 5132?
5
What is the units digit of 470?
0
What is the hundreds digit of 1407?
4
What is the ten thousands digit of 37527?
3
What is the tens digit of 47448?
4
What is the thousands digit of 1065?
1
What is the hundreds digit of 6920?
9
What is the tens digit of 48999?
9
What is the thousands digit of 6125?
6
What is the tens digit of 2309?
0
What is the tens digit of 57126?
2
What is the thousands digit of 24427?
4
What is the tens digit of 116519?
1
What is the thousands digit of 62990?
2
What is the tens digit of 1462?
6
What is the units digit of 11908?
8
What is the units digit of 1623?
3
What is the thousands digit of 1066?
1
What is the ten thousands digit of 61086?
6
What is the thousands digit of 5371?
5
What is the tens digit of 367?
6
What is the hundreds digit of 653?
6
What is the tens digit of 8638?
3
What is the units digit of 123093?
3
What is the ten thousands digit of 104297?
0
What is the units digit of 225?
5
What is the ten thousands digit of 20065?
2
What is the thousands digit of 3043?
3
What is the hundreds digit of 2782?
7
What is the units digit of 664?
4
What is the thousands digit of 1278?
1
What is the thousands digit of 1561?
1
What is the thousands digit of 4055?
4
What is the tens digit of 3990?
9
What is the tens digit of 20242?
4
What is the ten thousands digit of 15095?
1
What is the hundreds digit of 352?
3
What is the units digit of 2253?
3
What is the thousands digit of 72407?
2
What is the hundreds digit of 746?
7
What is the ten thousands digit of 14286?
1
What is the units digit of 21213?
3
What is the thousands digit of 81633?
1
What is the thousands digit of 4859?
4
What is the hundreds digit of 1213?
2
What is the units digit of 6419?
9
What is the ten thousands digit of 28656?
2
What is the hundreds digit of 7063?
0
What is the hundreds digit of 242?
2
What is the units digit of 4547?
7
What is the ten thousands digit of 123216?
2
What is the units digit of 32379?
9
What is the thousands digit of 1182?
1
What is the hundreds digit of 2134?
1
What is the units digit of 1767?
7
What is the tens digit of 8872?
7
What is the units digit of 165?
5
What is the tens digit of 37?
3
What is the tens digit of 53290?
9
What is the thousands digit of 22741?
2
What is the units digit of 6356?
6
What is the thousands digit of 3407?
3
What is the units digit of 7234?
4
What is the thousands digit of 1298?
1
What is the tens digit of 2952?
5
What is the units digit of 6353?
3
What is the thousands digit of 3370?
3
What is the tens digit of 1935?
3
What is the tens digit of 2465?
6
What is the units digit of 3523?
3
What is the hundreds digit of 1677?
6
What is the thousands digit of 5699?
5
What is the units digit of 445?
5
What is the thousands digit of 37899?
7
What is the units digit of 4533?
3
What is the units digit of 813?
3
What is the thousands digit of 1674?
1
What is the units digit of 44682?
2
What is the tens digit of 1898?
9
What is the units digit of 1437?
7
What is the hundreds digit of 10791?
7
What is the hundreds digit of 243?
2
What is the ten thousands digit of 83937?
8
What is the tens digit of 582?
8
What is the ten thousands digit of 24257?
2
What is the hundreds digit of 452?
4
What is the hundreds digit of 59228?
2
What is the units digit of 507?
7
What is the ten thousands digit of 17280?
1
What is the tens digit of 728?
2
What is the tens digit of 1113?
1
What is the hundreds digit of 1066?
0
What is the tens digit of 1042?
4
What is the hundreds digit of 4085?
0
What is the units digit of 66364?
4
What is the units digit of 1471?
1
What is the units digit of 3621?
1
What is the ten thousands digit of 94791?
9
What is the thousands digit of 4700?
4
What is the ten thousands digit of 10723?
1
What is the tens digit of 48?
4
What is the hundreds digit of 1399?
3
What is the hundreds digit of 902?
9
What is the units digit of 3447?
7
What is the units digit of 67509?
9
What is the hundreds digit of 9899?
8
What is the units digit of 1659?
9
What is the tens digit of 14560?
6
What is the units digit of 1434?
4
What is the tens digit of 99835?
3
What is the hundreds digit of 852?
8
What is the hundreds digit of 4829?
8
What is the units digit of 10112?
2
What is the units digit of 184854?
4
What is the thousands digit of 44763?
4
What is the units digit of 2005?
5
What is the tens digit of 3162?
6
What is the units digit of 1593?
3
What is the hundreds digit of 44882?
8
What is the units digit of 34311?
1
What is the hundreds digit of 83000?
0
What is the thousands digit of 7609?
7
What is the hundreds digit of 115?
1
What is the units digit of 43479?
9
What is the units digit of 6018?
8
What is the thousands digit of 5251?
5
What is the units digit of 2961?
1
What is the ten thousands digit of 21986?
2
What is the tens digit of 11306?
0
What is the units digit of 2540?
0
What is the tens digit of 1282?
8
What is the hundreds 